{"id":84,"date":"2016-08-04T21:36:38","date_gmt":"2016-08-04T20:36:38","guid":{"rendered":"http:\/\/bhs-mobil.de\/?page_id=84"},"modified":"2018-08-19T08:30:12","modified_gmt":"2018-08-19T07:30:12","slug":"links","status":"publish","type":"page","link":"https:\/\/bhs-mobil.de\/?page_id=84","title":{"rendered":"Links"},"content":{"rendered":"<p><a href=\"http:\/\/www.unimog-freunde-schwarzwald-baar.de\/\" target=\"_blank\" rel=\"noopener\"><span style=\"color: #0000ff;\"><span style=\"font-family: Times New Roman, serif;\"><span style=\"font-size: large;\"><u>Unimog-Club-Gaggenau Regionalgruppe Schwarzwald-Baar<\/u><\/span><\/span><\/span><\/a><\/p>\n<p><a href=\"http:\/\/www.mobilsaegewerk-sutter.de\/\" target=\"_blank\" rel=\"noopener\"><span style=\"color: #0000ff;\"><span style=\"font-family: Times New Roman, serif;\"><span style=\"font-size: large;\"><u>Mobils\u00e4ger Sutter Hohentengen-Lienheim<\/u><\/span><\/span><\/span><\/a><\/p>\n<p><a href=\"http:\/\/www.baerenhof-dachsberg.de\/\" target=\"_blank\" rel=\"noopener\"><span style=\"color: #0000ff;\"><span style=\"font-family: Times New Roman, serif;\"><span style=\"font-size: large;\"><u>B\u00e4renhof Dachsberg<\/u><\/span><\/span><\/span><\/a><\/p>\n<p><a href=\"http:\/\/www.forstbetrieb-knapp.de\/\" target=\"_blank\" rel=\"noopener\"><span style=\"color: #0000ff;\"><span style=\"font-family: Times New Roman, serif;\"><span style=\"font-size: large;\"><u>Forst und R\u00fcckebetrieb Josef Knapp Seebach<\/u><\/span><\/span><\/span><\/a><\/p>\n","protected":false},"excerpt":{"rendered":"<p>Unimog-Club-Gaggenau Regionalgruppe Schwarzwald-Baar Mobils\u00e4ger Sutter Hohentengen-Lienheim B\u00e4renhof Dachsberg Forst und R\u00fcckebetrieb Josef Knapp Seebach<\/p>\n","protected":false},"author":1,"featured_media":0,"parent":0,"menu_order":3,"comment_status":"closed","ping_status":"closed","template":"","meta":[],"_links":{"self":[{"href":"https:\/\/bhs-mobil.de\/index.php?rest_route=\/wp\/v2\/pages\/84"}],"collection":[{"href":"https:\/\/bhs-mobil.de\/index.php?rest_route=\/wp\/v2\/pages"}],"about":[{"href":"https:\/\/bhs-mobil.de\/index.php?rest_route=\/wp\/v2\/types\/page"}],"author":[{"embeddable":true,"href":"https:\/\/bhs-mobil.de\/index.php?rest_route=\/wp\/v2\/users\/1"}],"replies":[{"embeddable":true,"href":"https:\/\/bhs-mobil.de\/index.php?rest_route=%2Fwp%2Fv2%2Fcomments&post=84"}],"version-history":[{"count":2,"href":"https:\/\/bhs-mobil.de\/index.php?rest_route=\/wp\/v2\/pages\/84\/revisions"}],"predecessor-version":[{"id":102,"href":"https:\/\/bhs-mobil.de\/index.php?rest_route=\/wp\/v2\/pages\/84\/revisions\/102"}],"wp:attachment":[{"href":"https:\/\/bhs-mobil.de\/index.php?rest_route=%2Fwp%2Fv2%2Fmedia&parent=84"}],"curies":[{"name":"wp","href":"https:\/\/api.w.org\/{rel}","templated":true}]}}